30866 composite?
True
Is 135335759359 prime?
True
Is 1811882747 a prime number?
False
Is 84066194569 a composite number?
True
Is 2716928477 a prime number?
False
Is 7429084933 prime?
False
Is 8209549613 a composite number?
True
Is 607660199 a prime number?
True
Is 4207533383 composite?
False
Is 609538687 a prime number?
False
Is 1057889003 a prime number?
True
Is 1312510817 a prime number?
False
Is 84164879261 a prime number?
True
Is 1933278701 a composite number?
False
Is 1441592459 a composite number?
True
Is 971929993 prime?
True
Is 5901761603 a composite number?
False
Is 451784131 a composite number?
False
Is 1472149633 a composite number?
True
Is 13258884437 prime?
False
Is 176580120007 composite?
False
Is 19543350283 a composite number?
True
Is 3926127421 a prime number?
True
Is 23845209023 a prime number?
False
Is 12411295979 prime?
True
Is 20231902013 composite?
False
Is 14362233955 composite?
True
Is 763961111 a prime number?
True
Is 322116721 a prime number?
False
Is 2193974969 a prime number?
True
Is 13550381209 composite?
False
Is 37047739 composite?
True
Is 113245335271 composite?
True
Is 12027187021 a prime number?
False
Is 71037378239 prime?
False
Is 12882652021 a prime number?
False
Is 5069167123 prime?
True
Is 1317266099 a prime number?
True
Is 7447763 a composite number?
False
Is 1273536157 prime?
False
Is 149128117 a prime number?
False
Is 67280290927 prime?
True
Is 1060483631 prime?
False
Is 16454920133 a composite number?
False
Is 2587550021 prime?
False
Is 1544853421 composite?
True
Is 5831327399 a prime number?
True
Is 6592804487 a prime number?
False
Is 91138469 prime?
False
Is 6926784883 a composite number?
True
Is 18114144793 a composite number?
True
Is 13083748207 composite?
False
Is 792849371 composite?
True
Is 1461052183 a prime number?
False
Is 2734211821 a composite number?
True
Is 19750235599 prime?
True
Is 14229566259 composite?
True
Is 210655021 prime?
False
Is 11253905053 a composite number?
False
Is 71131333067 a composite number?
False
Is 7000912133 prime?
True
Is 459040369 a prime number?
False
Is 2008554389 a composite number?
True
Is 5457149989 prime?
False
Is 24293543 prime?
False
Is 1035873229 prime?
True
Is 17588231029 prime?
True
Is 473564669 composite?
True
Is 5361808043 a composite number?
False
Is 758217289 a prime number?
False
Is 584338019 composite?
False
Is 7668584671 prime?
False
Is 23508439481 a prime number?
True
Is 20660070007 prime?
True
Is 69363408839 a prime number?
False
Is 17788637213 a prime number?
True
Is 841277869 composite?
False
Is 69468361 a composite number?
True
Is 6084092587 prime?
True
Is 23216842513 a prime number?
False
Is 5761234217 prime?
True
Is 92274523421 a prime number?
True
Is 7070810771 prime?
False
Is 753752581 composite?
True
Is 4075333781 a prime number?
False
Is 207578803 composite?
False
Is 15964109933 a composite number?
False
Is 108668167 prime?
True
Is 10850420761 a composite number?
False
Is 125730017463 a composite number?
True
Is 28741027657 composite?
False
Is 56744536911 a prime number?
False
Is 23845100647 a composite number?
True
Is 325402799 a composite number?
True
Is 26620418207 prime?
True
Is 5764915991 a composite number?
True
Is 427789457 a composite number?
True
Is 18657965461 a prime number?
True
Is 95127593 a prime number?
False
Is 863406157 prime?
True
Is 2983670143 composite?
False
Is 3325149703 a composite number?
True
Is 1553304842 prime?
False
Is 152591659 prime?
False
Is 1467331883 a prime number?
True
Is 157630806097 composite?
False
Is 202434481 a composite number?
False
Is 518741513 a composite number?
False
Is 2091998191 prime?
False
Is 40309817231 prime?
True
Is 12628056223 prime?
True
Is 5834831323 a composite number?
False
Is 2124268199 composite?
False
Is 18527835511 prime?
True
Is 7721878393 prime?
True
Is 268640843 prime?
False
Is 34322769779 prime?
True
Is 3455064007 composite?
True
Is 23468409919 composite?
True
Is 786458219 composite?
False
Is 16140667747 composite?
False
Is 94842278309 a prime number?
True
Is 840149143 prime?
False
Is 5380838993 a composite number?
False
Is 1947372407 a prime number?
False
Is 2193995449 composite?
False
Is 934236091 composite?
False
Is 713532221 a prime number?
False
Is 3411713203 composite?
False
Is 26341273519 a composite number?
True
Is 4596569 a prime number?
True
Is 2785538627 prime?
False
Is 11812442153 composite?
False
Is 26639960045 composite?
True
Is 306044857 a prime number?
True
Is 155306903 composite?
True
Is 7309333918 prime?
False
Is 587556069 a prime number?
False
Is 8159402827 a composite number?
False
Is 1573164757 a composite number?
True
Is 69485792003 a prime number?
True
Is 1392900671 prime?
True
Is 469370861 a prime number?
True
Is 7228186967 a prime number?
False
Is 1283071051 a composite number?
False
Is 28672796063 a prime number?
True
Is 257799445 prime?
False
Is 5556511351 a prime number?
False
Is 37604461 a composite number?
True
Is 580997383 composite?
True
Is 4908554215 prime?
False
Is 441273509 composite?
False
Is 1697922511 a composite number?
True
Is 7807667411 a prime number?
True
Is 296326579 composite?
False
Is 308109457 a composite number?
True
Is 601554179 a composite number?
False
Is 708754447 a composite number?
True
Is 41382481691 prime?
False
Is 374563383 a prime number?
False
Is 6527837881 a prime number?
False
Is 12087008795 a prime number?
False
Is 109509523 prime?
False
Is 26726883041 a composite number?
False
Is 48466807 a prime number?
True
Is 21655723133 a composite number?
True
Is 32148747017 composite?
False
Is 18986258897 a prime number?
False
Is 17593910221 prime?
False
Is 859154906 a prime number?
False
Is 41684504009 prime?
True
Is 2819038369 prime?
False
Is 3240005521 prime?
False
Is 23430222679 composite?
False
Is 537722186 composite?
True
Is 11374542031 prime?
False
Is 14856668549 a prime number?
True
Is 40996981505 composite?
True
Is 503805901 a prime number?
False
Is 7511963867 a prime number?
False
Is 2617919771 composite?
True
Is 30917159733 a composite number?
True
Is 2803328691 prime?
False
Is 343771091 composite?
True
Is 107032651169 prime?
True
Is 41837093 a composite number?
True
Is 610606883 prime?
True
Is 21675017531 a composite number?
False
Is 3778641989 composite?
False
Is 3689538473 prime?
False
Is 96855675139 prime?
True
Is 8411218799 a composite number?
False
Is 88621543249 a prime number?
False
Is 23040397879 a composite number?
False
Is 793720621 prime?
False
Is 688583953 prime?
True
Is 1746670339 prime?
True
Is 4015842367 composite?
True
Is 344730203 prime?
True
Is 535163869 a prime number?
True
Is 152337659 a prime number?
False
Is 4906650199 composite?
True
Is 14430267881 a prime number?
True
Is 257738473 a composite number?
True
Is 7799643883 prime?
True
Is 156027757 a prime number?
False
Is 14366973499 composite?
False
Is 6903855859 composite?
True
Is 712942211 prime?
True
Is 9806855761 prime?
True
Is 1902007259 prime?
True
Is 4016964277 prime?
True
Is 68305243319 a prime number?
True
Is 856796999 a prime number?
True
Is 1917151141 a composite number?
False
Is 33450266677 a composite number?
True
Is 4519912487 composite?
False
Is 344021719 a composite number?
True
Is 5126728861 prime?
False
Is 1057130807 composite?
True
Is 6380946003 composite?
True
Is 9336173581 composite?
True
Is 5751410135 prime?
False
Is 3124337351 a prime number?
True
Is 38565628229 a prime number?
False
Is 306439831 a prime number?
False
Is 6523549295 prime?
False
Is 42444906727 prime?
True
Is 1018416029 a composite number?
False
Is 57216972929 prime?
True
Is 285255923 a prime number?
True
Is 1200565471 a composite number?
True
Is 31028358371 a composite number?
True
Is 25416053233 a prime number?
False
Is 47610131783 prime?
True
Is 10221222343 a composite number?
False
Is 13987616827 a prime number?
False
Is 19730672807 prime?
False
Is 21748753783 composite?
True
Is 18592300511 a prime number?
True
Is 38597949461 prime?
False
Is 13704676367 a composite number?
False
Is 1047341257 a composite number?
False
Is 195302563 a prime number?
True
Is 3982568203 a prime number?
True
Is 195560213 composite?
True
Is 161916427 a prime number?
False
Is 892490266 a composite number?
True
Is 53115445891 a prime number?
True
Is 348227191 a prime